ime factors of 264103971.
3, 19, 4633403
What are the prime factors of 1986299928?
2, 3, 149, 61717
List the prime factors of 72482461.
72482461
List the prime factors of 22954961.
3229, 7109
What are the prime factors of 134631485?
5, 29, 101, 317
What are the prime factors of 3232411777?
7, 61, 101, 241, 311
What are the prime factors of 2946240321?
3, 281, 3494947
What are the prime factors of 556047961?
7, 31, 2562433
List the prime factors of 550536001.
19, 109, 265831
What are the prime factors of 394551545?
5, 23, 3430883
List the prime factors of 34119268.
2, 1823, 4679
What are the prime factors of 5157264600?
2, 3, 5, 587, 1627
List the prime factors of 66467759.
66467759
List the prime factors of 2887413793.
11, 19, 2903, 4759
What are the prime factors of 65135373?
3, 47, 61, 7573
What are the prime factors of 832116817?
7, 118873831
What are the prime factors of 100441268?
2, 29, 101, 8573
What are the prime factors of 730478485?
5, 11, 13281427
What are the prime factors of 68203980?
2, 3, 5, 13, 29147
What are the prime factors of 94067127?
3, 7, 11, 149, 911
List the prime factors of 37101205.
5, 19, 390539
What are the prime factors of 501754152?
2, 3, 487, 42929
What are the prime factors of 544351489?
11, 29, 569, 2999
List the prime factors of 197762425.
5, 7, 1019, 1109
List the prime factors of 61690055.
5, 7, 19, 92767
List the prime factors of 25146351.
3, 139, 20101
List the prime factors of 1540346206.
2, 7, 149, 738421
List the prime factors of 20721008.
2, 7, 11, 139
What are the prime factors of 154913492?
2, 38728373
What are the prime factors of 59169614?
2, 7, 4226401
What are the prime factors of 15682189?
15682189
List the prime factors of 948737.
449, 2113
What are the prime factors of 732341891?
732341891
List the prime factors of 183905620.
2, 5, 67, 71, 1933
What are the prime factors of 57512694?
2, 3, 9585449
List the prime factors of 393552333.
3, 23, 1901219
List the prime factors of 2740151875.
5, 4384243
List the prime factors of 1328713072.
2, 31, 43, 62299
What are the prime factors of 4671670456?
2, 583958807
List the prime factors of 329317343.
229, 1438067
List the prime factors of 2317850305.
5, 463570061
List the prime factors of 100390720.
2, 5, 313721
What are the prime factors of 223105922?
2, 13, 8580997
List the prime factors of 519644182.
2, 331, 784961
List the prime factors of 16607108.
2, 7, 593111
What are the prime factors of 573412749?
3, 7, 13, 61, 4919
List the prime factors of 3750022438.
2, 19, 601, 164201
What are the prime factors of 363467418?
2, 3, 233, 259991
What are the prime factors of 240151918?
2, 120075959
List the prime factors of 23000389.
193, 119173
List the prime factors of 711971130.
2, 3, 5, 13, 347, 5261
List the prime factors of 106242180.
2, 3, 5, 11, 17, 557
What are the prime factors of 153690524?
2, 13, 947, 3121
List the prime factors of 1055870109.
3, 7, 19, 509, 1733
What are the prime factors of 145428842?
2, 13, 2203, 2539
List the prime factors of 146654206.
2, 17, 487, 521
List the prime factors of 52454981.
97, 540773
List the prime factors of 21717792.
2, 3, 73, 1033
List the prime factors of 97109293.
97109293
List the prime factors of 761010665.
5, 251, 606383
What are the prime factors of 804496374?
2, 3, 11, 43, 10499
What are the prime factors of 30208518?
2, 3, 19, 29443
List the prime factors of 451054256.
2, 28190891
What are the prime factors of 531009161?
17, 223, 140071
What are the prime factors of 214170633?
3, 23796737
What are the prime factors of 7432100?
2, 5, 13, 5717
What are the prime factors of 1810460335?
5, 359, 1008613
List the prime factors of 429927505.
5, 7, 12283643
List the prime factors of 1740310099.
11, 158210009
What are the prime factors of 312063771?
3, 19, 43, 127321
List the prime factors of 4206872710.
2, 5, 47, 8950793
What are the prime factors of 31934640?
2, 3, 5, 271, 491
List the prime factors of 67372883.
139, 149, 3253
What are the prime factors of 79405732?
2, 7, 373, 7603
List the prime factors of 1878505471.
19, 157, 629737
What are the prime factors of 5111572705?
5, 41, 199, 125299
What are the prime factors of 37758621?
3, 12586207
What are the prime factors of 946501796?
2, 19, 23, 31, 17467
List the prime factors of 937134493.
937134493
What are the prime factors of 100739383?
4801, 20983
What are the prime factors of 130935770?
2, 5, 7, 1870511
What are the prime factors of 15552193?
347, 44819
List the prime factors of 538842161.
11, 13, 509, 673
What are the prime factors of 5628857345?
5, 1125771469
What are the prime factors of 2264361436?
2, 1493, 379163
What are the prime factors of 2539636128?
2, 3, 73, 113, 1069
List the prime factors of 72467195.
5, 103, 223, 631
List the prime factors of 589988798.
2, 7, 19, 107, 1091
What are the prime factors of 1296174427?
1296174427
What are the prime factors of 31409570?
2, 5, 97, 32381
List the prime factors of 21186578.
2, 7, 31, 48817
What are the prime factors of 103810189?
7, 14830027
What are the prime factors of 106418100?
2, 3, 5, 354727
What are the prime factors of 11007542?
2, 7, 13, 31, 1951
List the prime factors of 6676526.
2, 3338263
List the prime factors of 263544150.
2, 3, 5, 59, 97, 307
What are the prime factors of 83939348?
2, 20984837
What are the prime factors of 303560179?
13, 23350783
What are the prime factors of 104066404?
2, 13, 71, 397
List the prime factors of 36537617.
53, 689389
What are the prime factors of 51663245?
5, 10332649
List the prime factors of 65805105.
3, 5, 149, 29443
What are the prime factors of 3569423508?
2, 3, 7, 997, 14207
List the prime factors of 5745078994.
2, 1949, 1473853
What are the prime factors of 844414814?
2, 37, 11411011
List the prime factors of 1045410185.
5, 2383, 87739
What are the prime factors of 573247619?
7, 101, 115831
What are the prime factors of 1377636052?
2, 13, 397, 66733
List the prime factors of 17726430.
2, 3, 5, 19, 137, 227
List the prime factors of 322417064.
2, 59, 683087
What are the prime factors of 175415502?
2, 3, 307, 95231
What are the prime factors of 152813262?
2, 3, 7, 47, 11059
What are the prime factors of 5345581830?
2, 3, 5, 17, 1213, 8641
List the prime factors of 3019872759.
3, 103, 9773051
List the prime factors of 45600638.
2, 22800319
What are the prime factors of 107621447?
107621447
What are the prime factors of 55047531?
3, 7, 11, 59, 577
List the prime factors of 168275632.
2, 7, 29, 103, 503
What are the prime factors of 1436860558?
2, 7, 7603, 13499
What are the prime factors of 127705777?
127705777
What are the prime factors of 2796478091?
11, 29, 131, 66919
List the prime factors of 383805214.
2, 13, 317, 46567
What are the prime factors of 1178525526?
2, 3, 196420921
List the prime factors of 1695511370.
2, 5, 7, 47, 223, 2311
List the prime factors of 76900557.
3, 1583, 16193
What are the prime factors of 530932860?
2, 3, 5, 983209
List the prime factors of 566323369.
37, 15306037
What are the prime factors of 712479404?
2, 7, 13, 19, 14717
What are the prime factors of 347335286?
2, 277, 626959
List the prime factors of 7026418234.
2, 11, 19, 16809613
List the prime factors of 484137866.
2, 17, 443, 32143
What are the prime factors of 1866763229?
181, 10313609
What are the prime factors of 1755959935?
5, 211, 1664417
List the prime factors of 1985839043.
21803, 91081
What are the prime factors of 3885910553?
7, 3967, 19991
What are the prime factors of 182299538?
2, 107, 167, 5101
List the prime factors of 1481352440.
2, 5, 5857, 6323
What are the prime factors of 208176263?
173, 1203331
What are the prime factors of 377068324?
2, 29, 3250589
List the prime factors of 1225705700.
2, 5, 101, 121357
What are the prime factors of 300365830?
2, 5, 61, 492403
List the prime factors of 4837199.
23, 43, 67, 73
What are the prime factors of 194206883?
13, 14938991
List the prime factors of 1752991184.
2, 7, 23, 680509
List the prime factors of 3747770341.
7, 281, 272189
What are the prime factors of 880251092?
2, 7, 17, 67, 3943
List the prime factors of 297667937.
7, 257, 165463
What are the prime factors of 609415497?
3, 67712833
List the prime factors of 70570128.
2, 3, 17, 197, 439
List the prime factors of 3824713.
3824713
List 